57). Suppose -r*x + 52 = -5*s, -3*s - 7 - 55 = -4*x. Let i = x - -76. List the prime factors of i.
2, 3, 5
Suppose -2*j + 5*n + 30 = 0, 0 = -186*n + 190*n + 16. Let u = 2 - -2. Suppose -4*t = -5*t - u*z + 135, j*z = -10. What are the prime factors of t?
11, 13
Suppose 5*z + 9305 = 5*h, 3*h + h + 3*z - 7430 = 0. List the prime factors of h.
11, 13
Suppose -15*u + 85 = 10. Suppose 1623 = 4*n - 5*q, -u*n + 1620 = -n - 4*q. What are the prime factors of n?
2, 3, 67
Let p = 6677 - 2843. List the prime factors of p.
2, 3, 71
Suppose 5*c + 4 = g - 15, 4*g - 4*c = 12. Let n be 76*((-2)/(-3) + (-63)/(-27)). List the prime factors of 0 + g + (-3)/((-9)/n).
3, 5
Let v = 293 - 271. Suppose -v*k = -14*k - 4688. List the prime factors of k.
2, 293
Let y(k) = -9*k - 30. Suppose -3*d - 49 - 40 = 5*j, 0 = -d + 2*j - 26. Let h = d - -16. What are the prime factors of y(h)?
2, 3, 13
Suppose -53 + 53 = 14*q. Suppose 24*l = 29*l + 3*w - 7045, 4*l - w - 5636 = q. What are the prime factors of l?
1409
Let p = 1 - 4. Let q(n) = -n**3 + 5*n - 5. Let h be q(p). Suppose 0 = -14*r + h*r + 189. List the prime factors of r.
3
Let o = 14 - 5. Let a(n) = 12*n + 38. What are the prime factors of a(o)?
2, 73
Let n = 1 - -63. Suppose -g = -4*j + n, 0*g - g - 32 = 4*j. List the prime factors of (123/12*-1)/(3/g).
2, 41
Let i(v) = 6*v - 3. Let m(q) = -3*q - 92. Let r be m(-34). List the prime factors of i(r).
3, 19
Suppose 0 = 5*v - 3*b + 18, -b = 3*b + 16. Let r(h) = -35*h + 10. List the prime factors of r(v).
2, 5, 11
Let w = 487 - 482. What are the prime factors of 5/2*2 + 246 + w?
2
Let c(g) = g**3 - 7*g**2 + 6*g + 4. Let f be c(6). Suppose -523 - 1361 = -f*q. What are the prime factors of q?
3, 157
Let x = 97 - 15. Let l = x - 65. What are the prime factors of l?
17
Suppose 0*u + 82 = -u. Let l be u/(-26) + 8/(-52). Suppose 2*v - l*v = -46. What are the prime factors of v?
2, 23
Let i(q) = -q**3 + 8*q**2 - 6*q - 8. Let m be i(6). Let z = 38 - m. What are the prime factors of (-2 - 14)/((-4)/z)?
2, 5
Suppose -3*a + 89429 - 19178 = 6*k, -a + 23423 = -4*k. List the prime factors of a.
11, 2129
Let w(q) = q**2 + 18 + 16 + 8*q - 20. Let c be w(-6). Suppose -2*i + 4*v + 415 = 3*v, 4*i + c*v - 834 = 0. What are the prime factors of i?
2, 13
Suppose -2*d + 9*x + 42 = 4*x, 88 = 5*d - 4*x. Suppose 11*l = -d*l + 14877. What are the prime factors of l?
19, 29
Let g(a) = 45*a**2 - 56*a - 508. List the prime factors of g(-30).
2, 5209
Let c = -4342 - -9078. What are the prime factors of c?
2, 37
Suppose 4*h - u - 19357 = 0, -5*h = -3*u + 2*u - 24196. List the prime factors of h.
3, 1613
Let k = -640 - -633. Let o(b) = -2*b**3 + 5*b**2 + 3*b + 43. List the prime factors of o(k).
953
Suppose -3*n + 4*r = -14, 2*n - 4*n + r + 6 = 0. Let g be (0 + 4)/(3 + 1 - n). List the prime factors of (0 - g)*(-5 - (-29)/(-2)).
3, 13
Let x(o) = -6*o**2 - 906*o - 310. What are the prime factors of x(-91)?
2, 5, 11, 59
Let w = 11030 - 8765. What are the prime factors of w?
3, 5, 151
Suppose 46 = 3*b + 2*x + 3, 0 = -5*b - 5*x + 65. Suppose 0 = -4*l - 3 - b. Let d(f) = -f + 1. List the prime factors of d(l).
2, 3
Let q = 113186 - 80755. List the prime factors of q.
7, 41, 113
Let x(k) = -k**2. Let b be x(-1). List the prime factors of (-4)/b + (139 - -17) + 2.
2, 3
Suppose 6*g - 5*g + 4*i - 1088 = 0, 0 = 5*g + 2*i - 5386. Suppose 3*j - 3*r + 299 - g = 0, 2*r - 782 = -3*j. List the prime factors of j.
2, 5, 13
Suppose 8*o + 107 = 43. List the prime factors of (-8)/128*4 - 1834/o.
229
Let r be (0 + 6/8)/((-27)/108). List the prime factors of (-174 + 2 + -1)/(r/9).
3, 173
What are the prime factors of (545/(-2))/(2310/(-288) - (-24)/3)?
2, 3, 5, 109
What are the prime factors of (-57)/18 + -10*(-10)/600 + 3377?
2, 7, 241
Let p(t) = -t**2 - 5*t - 4. Let a be p(-3). Suppose -17*d = -27*d + 10. List the prime factors of (1/(-2))/(a*d/(-112)).
2, 7
Let x(y) = 6*y**2 + 71*y + 988. What are the prime factors of x(-45)?
61, 163
Suppose 3*m = 176 + 208. Let h = 634 + -630. List the prime factors of h*8/(m/228).
3, 19
Let x = 10080 - 4570. Suppose 27*b - x = 31372. What are the prime factors of b?
2, 683
Let i be (-368)/(-14) + 4/(-14). Let a = i - 30. List the prime factors of (58/(2/(-1)) + 0)*a.
2, 29
Let x(w) = -78*w**3 - w**2 - w + 2. Let f be x(-2). Suppose -j + 3*a + f = 0, 4*j - 3*a - 3257 = -779. What are the prime factors of j?
2, 3, 103
Let t = -849 - -4108. What are the prime factors of t?
3259
Let a(o) = -227*o + 110. Let d be a(5). Let g = d - -1558. List the prime factors of g.
13, 41
Let u(r) = r**3 + r**2 + 2*r + 458. Let c be u(0). Let m = 813 - c. What are the prime factors of m?
5, 71
Let q = 37 + -41. Let a be (145 + -1 - 1) + q + 4. Suppose -6*i + 367 = -a. List the prime factors of i.
5, 17
Let p(s) = -s**3 + 2*s**2 + 11*s + 2. Let o be p(0). What are the prime factors of (-15)/o*(-442)/3?
5, 13, 17
Suppose 11*v + 28 = -16. What are the prime factors of 762/v*(-396)/297?
2, 127
Let v = 1273 - -16856. List the prime factors of v.
3, 6043
Suppose -5*v - 4*m + 1136 = -3368, 5*m - 905 = -v. Suppose 19*k - 14*k = v. List the prime factors of k.
2, 3, 5
Suppose -242 = -2*t + 1098. Suppose 4*z = -3*p + 361, 4*p - t = -4*z - 186. List the prime factors of p.
3, 41
Let x(d) = 249*d**3 + 6*d**2 - 8*d + 2. Let g be x(1). Suppose -2988 = g*o - 255*o. What are the prime factors of o?
2, 3, 83
List the prime factors of -25*(-23)/(1955/13617).
3, 5, 89
Let u(v) = -14 + 6130*v - 3059*v + 115*v**2 - 3066*v. What are the prime factors of u(4)?
2, 13, 71
Suppose 87*z - z - 5510192 = 0. What are the prime factors of z?
2, 8009
Let n(f) = -f**3 + 18*f**2 + 27*f + 12. Suppose -h = -3*u + 7, -u - 2 = -3*h - 15. Let b(q) = 18*q**3 + q**2. Let d be b(u). What are the prime factors of n(d)?
2, 41
Let s(r) = -r**3 - 11*r**2 - 10. Let f be s(-11). Let g be (1 - 1)*5/f + 144. List the prime factors of (-1 - (1 + 0 + -3)) + g.
5, 29
Let m be (-4)/(-6)*1110/(-148). What are the prime factors of (m + 1)*(740/8)/(-1)?
2, 5, 37
Suppose -4*i = 6*l - 3*l - 97, 5*i + 3*l - 125 = 0. Suppose 0 = i*h + 25*h - 35404. What are the prime factors of h?
2, 167
Let b(j) be the third derivative of j**5/10 + 13*j**4/24 - j**3/3 + 2*j**2 - 8*j. List the prime factors of b(-6).
2, 17
Let l = 573 - -193. Suppose -5*n + l = -514. What are the prime factors of n?
2
Suppose -2*r = 9*r - 11. Let g be 5/((-5)/r) + 185. Suppose a - 5*p = 62, -2*a = p + 4*p - g. List the prime factors of a.
2, 41
Let r = -20 - -23. Suppose 1739 = r*t - 403. Let g = t + -509. What are the prime factors of g?
5, 41
Let t(p) = -p + 7. Let g(h) be the second derivative of -h**3/3 + 7*h**2/2 + 12*h. Let a be g(9). What are the prime factors of t(a)?
2, 3
Suppose -130 = 3*k + 2*l - l, 5*k + l = -214. List the prime factors of 1/(-6) - 17689/k.
421
Let b(f) = -f**2 + 14*f + 9. Let q = -43 - -54. Let w be b(q). Let n = w - -16. What are the prime factors of n?
2, 29
Suppose 535*y - 478*y - 2966451 = 0. List the prime factors of y.
71, 733
Suppose -72228 = -27*x + 34854. What are the prime factors of x?
2, 3, 661
Let p = -301 + 319. Suppose 25*t - p*t = 4228. What are the prime factors of t?
2, 151
Let h(i) = -30*i - 29. Let m be h(4). Let x = m - -568. List the prime factors of x.
419
Let q be (168/378)/((-1)/(-9))*(-13)/(-2). Let f = 4 - -21. Suppose f*z + 66 = q*z. List the prime factors of z.
2, 3, 11
Suppose -3*y - o + 29 = 385, -4*o = 2*y + 224. Let p = y - -1495. What are the prime factors of p?
5, 11
Let q(k) be the third derivative of 71*k**4/24 + 4*k**3/3 + 29*k**2. List the prime factors of q(3).
13, 17
Let m = 5850 - -71879. What are the prime factors of m?
19, 4091
Let a(u) = 8*u**2 - 24*u - 9. Let r be a(-16). Let c = -1338 + r. Suppose -l + 0*l = -4*g + c, 0 = 2*l + 10. List the prime factors of g.
2, 3, 5
Let w be 8/36 - (-141)/(-27). Let c = w + 46. Suppose c = 4*v - 95. List the prime factors of v.
2, 17
Suppose 9*z - 40 = -z. Suppose -z*i = -5*i + 1, 0 = -2*w + 4*i + 204. What are the prime factors of w?
2, 13
Let r be 4*(307944/16)/9. Suppose 9*s - 23*s + r = 0. List the prime factors of s.
13, 47
Let u(j) = -j**3 + 38*j**2 - 19*j + 1. What are the prime factors of u(37)?
23, 29
Let a be (1 - (-13)/(-11)) + (-1977859)/(-143). Suppose -4418 - a = -33*c. Lis